ive of -h**2 - 12*h - 49. Calculate the remainder when 59 is divided by d(s).
9
Suppose 3*g + 2*g = -v + 15, 4*v - 2*g - 38 = 0. What is the remainder when 469/4 - (11/(-4) + 3) is divided by v?
7
Let j = -99672 - -99687. Let a = 674 + -347. Calculate the remainder when a is divided by j.
12
Let l be (-2)/7 + 14799/(-21). What is the remainder when 6/21 + l/(-7) is divided by (-1)/(86296/(-1960) + 44)?
31
What is the remainder when 1074 is divided by 0/3 + (1 + 3 - -3)?
3
Suppose 128 = 2*r - 6*r. Calculate the remainder when (-514)/(-5) - 2 - r/160 is divided by 46.
9
Let h = -7762 + 8077. Calculate the remainder when h is divided by 100.
15
Suppose 2*k - 4*r - 42 = 0, -4*k = -2*k + 4*r - 26. Let a = 621 + -605. Suppose a*b = -7*b + 736. What is the remainder when b is divided by k?
15
Let o(i) = 5*i**2 + 4*i - 3. Let d(h) = h**2 - 9*h + 2. Let l be d(9). What is the remainder when o(l) is divided by 13?
12
Suppose 98 = n - 3*y, 3*y - 178 = 39*n - 41*n. What is the remainder when 743 is divided by n?
7
Suppose 1809 = 5*l - 331. Suppose 10*n = 568 - l. Suppose 3*o = -3*r + 45, 5*o - 67 = 2*r - 5*r. Calculate the remainder when n is divided by o.
3
Suppose -3*j + 899*x + 139 = 897*x, -159 = -3*j - 3*x. Calculate the remainder when j is divided by 35.
14
Suppose 130*g - 135*g + 170 = 0. Let d = 10522 + -16598. Calculate the remainder when 4/(-46) - d/46 is divided by g.
30
What is the remainder when 85 is divided by (2/12*2)/((119/(-903))/(-17))?
42
Let j = 135 - 88. Let y(d) = -d**2 - 55*d - 660. Calculate the remainder when j is divided by y(-18).
5
Let g be 12*(3 - 6)/9. Suppose 5*f = -5*j + 122 - 27, -5*f + 74 = -2*j. Let p = f + g. Calculate the remainder when 31 is divided by p.
7
Suppose -5*s + 180 = -4*b, 7*s = 6*s - 2*b + 50. Suppose -6*a = -a - s. Calculate the remainder when 37 is divided by a.
5
Let g = -71 + 86. Let i(p) = 2*p**3 - 29*p**2 + 4*p + 1. Calculate the remainder when i(g) is divided by 41.
40
Let s = 181 + 125. Suppose s = 49*m - 40*m. Calculate the remainder when m is divided by 13.
8
Calculate the remainder when (6/(-18) + (-3910)/42)/((-894)/4172) is divided by 161.
114
Let s(t) = -t**3 - 120*t**2 + 364*t + 216. Calculate the remainder when s(-123) is divided by 167.
163
Let q(x) = -3*x**3 - 25*x**2 - 6*x + 5. What is the remainder when 443 is divided by q(-9)?
1
Suppose -245 + 52 = -12*c + 131. What is the remainder when 350 is divided by c?
26
Suppose 25550*v + 18032 = 25578*v. What is the remainder when v is divided by 6?
2
Calculate the remainder when 699 is divided by (-72006)/(-594) - (-2)/(-18)*(-14)/(-7).
94
Let w(i) = -23*i - 2059. What is the remainder when 483 is divided by w(-101)?
219
Let g(m) = 9*m**2 + 366*m - 83. What is the remainder when g(-44) is divided by 112?
5
Let w(p) = -p**3 + 13*p**2 - 14*p + 18. Let n be w(12). Let t(k) = 7 + k**3 + 0*k**3 + 10*k - 2*k**3 - 4*k**2. What is the remainder when 74 is divided by t(n)?
17
Suppose -6*y + 62*y = 10808. Calculate the remainder when y is divided by 24.
1
Suppose 5*p + 114 = 4*l + 17, -3*l - 4*p + 65 = 0. What is the remainder when 3380 is divided by l?
22
Let n(u) = 98*u + 421. Let w be n(0). Let r = w + -279. What is the remainder when r is divided by 36?
34
Let p(u) = -22*u + 14*u - 70 + u**2 - 2*u - 18*u. What is the remainder when 170 is divided by p(32)?
54
Calculate the remainder when 35 - (-14 - -44) - 919/(-2 + 1) is divided by 258.
150
Suppose -8*z + 32 = -8. Suppose 4*q = -z*y + 77, -2*q - 8 = 2*q. Calculate the remainder when 24 is divided by y.
7
Suppose 0 = 7*q - 3*q - 2*w - 4532, 0 = q + 4*w - 1151. What is the remainder when 17/((-680)/(-16))*q is divided by 35?
34
Suppose -3767*y + 3761*y = -636. Calculate the remainder when 1371 is divided by y.
99
Suppose 0 = -7*y + 40 - 5. Suppose -10*w - 38 = -v - 7*w, y*w = 5*v - 180. Calculate the remainder when 172 is divided by v.
32
Suppose 0 = 5*u - 46 - 44. Suppose -66 = h - 2*y, -4*h + 4*y = 125 + 151. Let p = -68 - h. Calculate the remainder when u is divided by p.
2
Let t = -438 - -447. Suppose 5*o - x + 25 = t*o, 4*x - 25 = -o. Let l(s) = -s + 1. Calculate the remainder when l(-6) is divided by o.
2
Suppose -f - 4*a - 26 = 0, 0*f = 3*f - 4*a + 78. Let i(r) = -r**3 - 25*r**2 + 28*r + 85. Calculate the remainder when 80 is divided by i(f).
14
Let i = 1046 + -1974. Let j = i - -947. What is the remainder when 243 is divided by j?
15
Let w = 7394 + 6537. Calculate the remainder when w is divided by 208.
203
Let g = 172 + -169. Suppose 138 = 3*b + g*j - 153, -3*j + 389 = 4*b. What is the remainder when b is divided by 17?
13
Let a be (-3 + 201)/(15 + -13). Calculate the remainder when (a - -2) + (-1 - -2) + -3 is divided by 10.
9
Let h(n) = n**2 - 70*n - 689. What is the remainder when h(-13) is divided by 148?
94
Let s(a) be the third derivative of a**5/15 - 3*a**4/8 + 7*a**3/6 - 3*a**2 + 2*a. What is the remainder when s(2) is divided by 2?
1
Suppose 84 = -3*f + 17*f. Suppose 2*d + 8 = 0, -f*b = -3*b - 2*d - 143. What is the remainder when b is divided by 18?
9
Suppose -w + 9 = 2*w, 2*k + 2*w = 786. Let t = k + -352. Calculate the remainder when 187 is divided by t.
35
Suppose 0 = -99*u + 91*u + 16. Calculate the remainder when (u + 6)*(-207)/54*-3 is divided by 55.
37
Let l(g) = -g**2 + 16*g + 14. What is the remainder when (-7 - -152) + (-2)/2 is divided by l(14)?
18
Let r(b) = 3*b**2 + b**3 - 4 + 4*b**2 + 2*b + 7*b. Let w be r(-8). Let l = 243 + w. What is the remainder when l is divided by 27?
22
Let l(u) = 8*u - 53. Suppose -14 = 7*f - 8*f. What is the remainder when 232 is divided by l(f)?
55
Suppose -38*s + 13*s = -17*s - 384. Suppose -445 = -4*q - q. Suppose -t = 3*f - 55, -t + 2*t - q = -5*f. What is the remainder when s is divided by f?
14
Let z(v) = 12*v + 93. Let a be z(-5). Calculate the remainder when (-377)/(-3) + (-451)/a + 12 is divided by 7.
5
Let t(u) = -38*u + 28. Calculate the remainder when 209 is divided by t(-1).
11
Let h(x) = 205*x**2 - 45*x + 92. What is the remainder when h(2) is divided by 260?
42
Let s(w) be the second derivative of -w**4/12 + 2*w**3/3 + 23*w**2/2 + 125*w. What is the remainder when (-1 + (-18)/(-8))*68 is divided by s(5)?
13
Suppose 0 = t - 6*t + 195. Calculate the remainder when t is divided by 2109/209 - (1/4 - 42/264).
9
Suppose 34*i = -54*i + 2351096. Calculate the remainder when i is divided by 61.
60
Let o = -1402 + 1426. Calculate the remainder when 930 is divided by o.
18
Let d be (-72)/(-10) + 0 + (-6)/30. Let w(r) = d*r - 3 + 1 - 4*r. What is the remainder when 40 is divided by w(3)?
5
Let w(z) = z**3 - 4*z**2 - 7*z - 8. What is the remainder when 299 is divided by w(7)?
29
Suppose 0 = -2*r - f - 4*f + 817, -f = -5. Suppose 233*h - 40*h - 16*h - 3363 = 0. What is the remainder when r is divided by h?
16
Calculate the remainder when ((-208)/(-56) - (-4)/14)*(-12 + 221) is divided by 31.
30
Suppose -18*q + 50*q - 559 = -207. What is the remainder when 622 is divided by q?
6
Let u = -2895 + 2908. What is the remainder when 414 is divided by u?
11
Let y(h) = 152*h + 5033. Calculate the remainder when 121 is divided by y(-33).
2
Let i(c) = c**3 + 17*c**2 - 62*c - 42. Let u be i(-20). Calculate the remainder when 67 is divided by u/(-6) - 3328/(-96).
32
Let j be (-26)/(-91) - 3841/(-7). Let m = j + -373. Suppose -2*i = 38 - m. What is the remainder when i is divided by 12?
9
Let i be (-2 - -6) + -1 + 0. Let d(b) = 7*b - 7 + 19 - 3*b - i*b. What is the remainder when 89 is divided by d(11)?
20
Let q = 336 + -328. Let s(i) = 6*i**2 - 46*i - 10. Calculate the remainder when 21 is divided by s(q).
3
Let g(r) = -r**3 + 29*r**2 - 31*r - 476. What is the remainder when 671 is divided by g(27)?
91
Suppose -26*l + 5*w + 480 = -21*l, -3*w = l - 96. What is the remainder when 3549 is divided by l?
93
Suppose -17*u - 403 + 3837 = 0. Suppose u = f - 3*d, -5 + 20 = -5*d. Calculate the remainder when f is divided by 49.
46
Let a = -6240 + 6385. Calculate the remainder when 173 is divided by a.
28
Suppose -12*o + 443 = -757. Suppose 4*w + 4*s - 161 = 259, w = 4*s + o. Calculate the remainder when w is divided by 3.
2
Calculate the remainder when 1870 is divided by (-25)/(-15) - (-88)/(-33) - -73.
70
Let q(j) be the first derivative of -j**3/3 - 11*j**